243964823.
31, 59, 133387
What are the prime factors of 252953644?
2, 487, 129853
What are the prime factors of 273413299?
1471, 185869
List the prime factors of 83420635.
5, 197, 84691
What are the prime factors of 44326854?
2, 3, 11, 13, 17, 1013
List the prime factors of 70547942.
2, 35273971
List the prime factors of 44816689.
44816689
List the prime factors of 28841169.
3, 7, 53, 25913
What are the prime factors of 128508404?
2, 32127101
What are the prime factors of 38959508?
2, 7, 197, 1009
What are the prime factors of 1525638938?
2, 347, 2198327
List the prime factors of 198190400.
2, 5, 97, 1277
What are the prime factors of 2075329152?
2, 3, 13, 138577
What are the prime factors of 3885112219?
3885112219
List the prime factors of 1052358841.
1052358841
List the prime factors of 506333658.
2, 3, 84388943
What are the prime factors of 27845520?
2, 3, 5, 157, 739
List the prime factors of 58991352.
2, 3, 7, 19, 18481
What are the prime factors of 455471454?
2, 3, 47, 97, 16651
List the prime factors of 291703631.
291703631
What are the prime factors of 3290629266?
2, 3, 19, 43, 74587
List the prime factors of 2857068366.
2, 3, 4271, 111491
What are the prime factors of 28943144?
2, 593, 6101
What are the prime factors of 594419556?
2, 3, 2221, 22303
List the prime factors of 738226606.
2, 13, 277, 102503
List the prime factors of 1393117.
11, 89, 1423
List the prime factors of 1377453197.
1377453197
What are the prime factors of 276104631?
3, 11, 31, 269897
List the prime factors of 941127567.
3, 313709189
List the prime factors of 167233408.
2, 311, 4201
List the prime factors of 941206097.
13, 19, 31, 122921
What are the prime factors of 1266233221?
11, 4111, 28001
List the prime factors of 966934130.
2, 5, 19, 103, 49409
What are the prime factors of 18657793?
7, 11, 242309
List the prime factors of 2515470736.
2, 53, 97, 577
List the prime factors of 270943641.
3, 709, 42461
List the prime factors of 58905614.
2, 43, 684949
List the prime factors of 415014613.
13, 31924201
What are the prime factors of 286888857?
3, 59, 1620841
List the prime factors of 55772166.
2, 3, 9295361
List the prime factors of 202473250.
2, 5, 7, 37, 53, 59
What are the prime factors of 1059837292?
2, 83, 157, 20333
List the prime factors of 130099197.
3, 103, 421033
What are the prime factors of 234239093?
11, 1823, 11681
What are the prime factors of 2438053619?
2438053619
What are the prime factors of 1965077336?
2, 245634667
List the prime factors of 89989297.
383, 234959
List the prime factors of 879054278.
2, 131, 1523, 2203
What are the prime factors of 637147311?
3, 19, 23, 25579
List the prime factors of 1825487933.
1825487933
What are the prime factors of 479514630?
2, 3, 5, 7, 2283403
What are the prime factors of 214272903?
3, 13, 97, 4357
List the prime factors of 100438837.
100438837
What are the prime factors of 38720454?
2, 3, 23, 280583
What are the prime factors of 231306760?
2, 5, 17, 19, 17903
List the prime factors of 242393820.
2, 3, 5, 17, 167, 1423
List the prime factors of 1615097370.
2, 3, 5, 1213, 44383
List the prime factors of 2549020.
2, 5, 233, 547
List the prime factors of 17497167.
3, 5832389
What are the prime factors of 785839535?
5, 13, 17, 29, 137, 179
What are the prime factors of 44167313?
44167313
List the prime factors of 681178896.
2, 3, 47, 53, 211
List the prime factors of 3090755.
5, 271, 2281
List the prime factors of 847875107.
1123, 755009
List the prime factors of 297142685.
5, 7, 43, 179, 1103
What are the prime factors of 176886167?
29, 6099523
List the prime factors of 3771913044.
2, 3, 43, 137, 229, 233
List the prime factors of 623626099.
1013, 615623
List the prime factors of 784036562.
2, 31, 12645751
List the prime factors of 345665922.
2, 3, 7, 79, 104179
List the prime factors of 1862817416.
2, 232852177
List the prime factors of 52786511.
137, 313, 1231
List the prime factors of 1121486379.
3, 13, 17, 1691533
What are the prime factors of 236769137?
11, 29, 41, 43, 421
List the prime factors of 24475697.
24475697
What are the prime factors of 66183550?
2, 5, 17, 77863
List the prime factors of 1522741.
11, 17, 479
List the prime factors of 6754372880.
2, 5, 3967, 21283
What are the prime factors of 297835974?
2, 3, 29, 43, 4423
List the prime factors of 61931118.
2, 3, 31, 37, 8999
List the prime factors of 70654237.
29, 2436353
List the prime factors of 1594388715.
3, 5, 631, 168451
What are the prime factors of 4207725166?
2, 2103862583
List the prime factors of 1253435488.
2, 79, 495821
What are the prime factors of 243221164?
2, 31, 1961461
What are the prime factors of 2186682101?
307, 7122743
What are the prime factors of 59131979?
991, 59669
What are the prime factors of 600863610?
2, 3, 5, 41, 241, 2027
List the prime factors of 41390067.
3, 157, 87877
List the prime factors of 15931375.
5, 233, 547
What are the prime factors of 271438634?
2, 593, 228869
List the prime factors of 1060777281.
3, 421, 839887
What are the prime factors of 1084469416?
2, 135558677
List the prime factors of 398761841.
398761841
What are the prime factors of 3129547014?
2, 3, 11, 101, 156493
What are the prime factors of 332245072?
2, 1223, 16979
List the prime factors of 16313091.
3, 73, 74489
What are the prime factors of 1187593950?
2, 3, 5, 251, 31543
List the prime factors of 380365366.
2, 5657, 33619
What are the prime factors of 1212619782?
2, 3, 11, 18373027
What are the prime factors of 6354675479?
101, 62917579
What are the prime factors of 107668286?
2, 11, 457, 10709
List the prime factors of 401804494.
2, 7, 13, 67, 83, 397
List the prime factors of 391774859.
7, 101, 554137
List the prime factors of 2699988036.
2, 3, 3539, 63577
What are the prime factors of 39961320?
2, 3, 5, 7, 113, 421
List the prime factors of 425296471.
31, 1217, 11273
What are the prime factors of 94389233?
7559, 12487
List the prime factors of 44532735.
3, 5, 13, 43, 47, 113
List the prime factors of 384460823.
384460823
What are the prime factors of 606838699?
606838699
What are the prime factors of 538426817?
31, 509, 34123
List the prime factors of 168805707.
3, 7, 701, 11467
What are the prime factors of 121359186?
2, 3, 13, 37, 107, 131
What are the prime factors of 536549903?
17, 41, 769799
What are the prime factors of 278735250?
2, 3, 5, 131, 2837
What are the prime factors of 2393534646?
2, 3, 9203, 14449
What are the prime factors of 9508044?
2, 3, 7, 13, 8707
List the prime factors of 101035961.
13, 7771997
List the prime factors of 376988467.
376988467
List the prime factors of 754574824.
2, 41, 211, 10903
List the prime factors of 132322037.
132322037
List the prime factors of 138931303.
7, 19847329
List the prime factors of 5807027513.
7, 19, 227, 192343
What are the prime factors of 3423323402?
2, 1711661701
List the prime factors of 12733835.
5, 23, 110729
List the prime factors of 1442487858.
2, 3, 7, 101, 340049
List the prime factors of 858857376.
2, 3, 13, 688187
What are the prime factors of 4162015955?
5, 13367, 62273
What are the prime factors of 1054840494?
2, 3, 199, 883451
List the prime factors of 168601675.
5, 11, 613097
List the prime factors of 47797690.
2, 5, 4779769
List the prime factors of 80084146.
2, 43, 47, 19813
What are the prime factors of 325176755?
5, 1201, 54151
What are the prime factors of 477154688?
2, 23, 61, 2657
What are the prime factors of 7369702032?
2, 3, 7, 11, 37, 53891
What are the prime factors of 136143530?
2, 5, 113, 211, 571
What are the prime factors of 145927165?
5, 43, 678731
What are the prime factors of 275369582?
2, 149, 924059
List the prime factors of 12648894.
2, 3, 37, 227, 251
List the prime factors of 99571177.
181, 550117
What are the prime factors of 90693495?
3, 5, 2015411
What are the prime factors of 35086385?
5, 17, 23, 131, 137
What are the prime factors of 8082838?
2, 4041419
What are the prime factors of 342404022?
2, 3, 59, 173, 5591
What are the prime factors of 67331581?
67331581
What are the prime factors of 4165505560?
2, 5, 73, 1426543
What are the prime factors of 153004528?
2, 89, 139, 773
List the prime factors of 148362599.
7, 11, 43, 44809
List the prime factors of 1015750937.
1181, 860077
What are the prime factors of 45711534?
